{"id":571,"date":"2022-09-29T18:29:11","date_gmt":"2022-09-29T18:29:11","guid":{"rendered":"http:\/\/brageac.fr\/?page_id=571"},"modified":"2024-09-08T15:42:41","modified_gmt":"2024-09-08T15:42:41","slug":"acca","status":"publish","type":"page","link":"https:\/\/brageac.fr\/index.php\/acca\/","title":{"rendered":"ACCA"},"content":{"rendered":"\t\t<div data-elementor-type=\"wp-page\" data-elementor-id=\"571\" class=\"elementor elementor-571\">\n\t\t\t\t\t\t<section class=\"elementor-section elementor-top-section elementor-element elementor-element-7211d91c elementor-section-boxed elementor-section-height-default elementor-section-height-default\" data-id=\"7211d91c\" data-element_type=\"section\" data-e-type=\"section\">\n\t\t\t\t\t\t<div class=\"elementor-container elementor-column-gap-default\">\n\t\t\t\t\t<div class=\"elementor-column elementor-col-100 elementor-top-column elementor-element elementor-element-1c5aa597\" data-id=\"1c5aa597\" data-element_type=\"column\" data-e-type=\"column\">\n\t\t\t<div class=\"elementor-widget-wrap elementor-element-populated\">\n\t\t\t\t\t\t<div class=\"elementor-element elementor-element-69018d4 elementor-widget elementor-widget-text-editor\" data-id=\"69018d4\" data-element_type=\"widget\" data-e-type=\"widget\" data-widget_type=\"text-editor.default\">\n\t\t\t\t<div class=\"elementor-widget-container\">\n\t\t\t\t\t\t\t\t\t\n<p>Association Communale de Chasse Agr\u00e9\u00e9e de Brageac<\/p>\n\n<p>L&rsquo;association de Brageac est d\u00e9positaire de l&rsquo;ensemble des propri\u00e9taires du foncier non bati de la commune et des droits de chasse. Sont adh\u00e9rents de cette association tous les propri\u00e9taires qui ont conc\u00e9d\u00e9 les droits de chasse de leurs terrains, bois et for\u00eats et les chasseurs qui paient leur cotisation.<\/p>\n\n<p>\u00a0<\/p>\n\t\t\t\t\t\t\t\t<\/div>\n\t\t\t\t<\/div>\n\t\t\t\t\t<\/div>\n\t\t<\/div>\n\t\t\t\t\t<\/div>\n\t\t<\/section>\n\t\t\t\t<section class=\"elementor-section elementor-top-section elementor-element elementor-element-8d4e193 elementor-section-boxed elementor-section-height-default elementor-section-height-default\" data-id=\"8d4e193\" data-element_type=\"section\" data-e-type=\"section\">\n\t\t\t\t\t\t<div class=\"elementor-container elementor-column-gap-default\">\n\t\t\t\t\t<div class=\"elementor-column elementor-col-100 elementor-top-column elementor-element elementor-element-3d24bf1\" data-id=\"3d24bf1\" data-element_type=\"column\" data-e-type=\"column\">\n\t\t\t<div class=\"elementor-widget-wrap elementor-element-populated\">\n\t\t\t\t\t\t<div class=\"elementor-element elementor-element-c82230c elementor-widget elementor-widget-text-editor\" data-id=\"c82230c\" data-element_type=\"widget\" data-e-type=\"widget\" data-widget_type=\"text-editor.default\">\n\t\t\t\t<div class=\"elementor-widget-container\">\n\t\t\t\t\t\t\t\t\t<ul>\n<li>Pr\u00e9sident : Quentin BLANCHER<\/li>\n<li>Vice-Pr\u00e9sident : Bruno GIBARU<!-- \/wp:paragraph --><!-- wp:paragraph --><!-- \/wp:paragraph --><!-- wp:paragraph --><\/li>\n<li>Tr\u00e9sorier : Fr\u00e9d\u00e9ric LALO<!-- \/wp:paragraph --><!-- wp:paragraph --><\/li>\n<li>Secr\u00e9taire : Cl\u00e9ment BLANCHER<!-- \/wp:paragraph --><!-- wp:paragraph --><!-- \/wp:paragraph --><!-- wp:paragraph --><\/li>\n<\/ul>\n<p>\u00a0<\/p>\t\t\t\t\t\t\t\t<\/div>\n\t\t\t\t<\/div>\n\t\t\t\t\t<\/div>\n\t\t<\/div>\n\t\t\t\t\t<\/div>\n\t\t<\/section>\n\t\t\t\t<\/div>\n\t\t","protected":false},"excerpt":{"rendered":"<p>Association Communale de Chasse Agr\u00e9\u00e9e de Brageac L&rsquo;association de Brageac est d\u00e9positaire de l&rsquo;ensemble des propri\u00e9taires du foncier non bati de la commune et des droits de chasse. Sont adh\u00e9rents de cette association tous les propri\u00e9taires qui ont conc\u00e9d\u00e9 les droits de chasse de leurs terrains, bois et for\u00eats et les chasseurs qui paient leur [&hellip;]<\/p>\n","protected":false},"author":1,"featured_media":0,"parent":0,"menu_order":0,"comment_status":"closed","ping_status":"closed","template":"elementor_header_footer","meta":{"footnotes":""},"class_list":["post-571","page","type-page","status-publish","hentry"],"_links":{"self":[{"href":"https:\/\/brageac.fr\/index.php\/wp-json\/wp\/v2\/pages\/571","targetHints":{"allow":["GET"]}}],"collection":[{"href":"https:\/\/brageac.fr\/index.php\/wp-json\/wp\/v2\/pages"}],"about":[{"href":"https:\/\/brageac.fr\/index.php\/wp-json\/wp\/v2\/types\/page"}],"author":[{"embeddable":true,"href":"https:\/\/brageac.fr\/index.php\/wp-json\/wp\/v2\/users\/1"}],"replies":[{"embeddable":true,"href":"https:\/\/brageac.fr\/index.php\/wp-json\/wp\/v2\/comments?post=571"}],"version-history":[{"count":10,"href":"https:\/\/brageac.fr\/index.php\/wp-json\/wp\/v2\/pages\/571\/revisions"}],"predecessor-version":[{"id":1467,"href":"https:\/\/brageac.fr\/index.php\/wp-json\/wp\/v2\/pages\/571\/revisions\/1467"}],"wp:attachment":[{"href":"https:\/\/brageac.fr\/index.php\/wp-json\/wp\/v2\/media?parent=571"}],"curies":[{"name":"wp","href":"https:\/\/api.w.org\/{rel}","templated":true}]}}

<div data-elementor-type="wp-page" data-elementor-id="571" class="elementor elementor-571">
						<section class="elementor-section elementor-top-section elementor-element elementor-element-7211d91c elementor-section-boxed elementor-section-height-default elementor-section-height-default" data-id="7211d91c" data-element_type="section" data-e-type="section">
						<div class="elementor-container elementor-column-gap-default">
					<div class="elementor-column elementor-col-100 elementor-top-column elementor-element elementor-element-1c5aa597" data-id="1c5aa597" data-element_type="column" data-e-type="column">
			<div class="elementor-widget-wrap elementor-element-populated">
						<div class="elementor-element elementor-element-69018d4 elementor-widget elementor-widget-text-editor" data-id="69018d4" data-element_type="widget" data-e-type="widget" data-widget_type="text-editor.default">
				<div class="elementor-widget-container">
									
<p>Association Communale de Chasse Agréée de Brageac</p>

<p>L&rsquo;association de Brageac est dépositaire de l&rsquo;ensemble des propriétaires du foncier non bati de la commune et des droits de chasse. Sont adhérents de cette association tous les propriétaires qui ont concédé les droits de chasse de leurs terrains, bois et forêts et les chasseurs qui paient leur cotisation.</p>

<p> </p>
								</div>
				</div>
					</div>
		</div>
					</div>
		</section>
				<section class="elementor-section elementor-top-section elementor-element elementor-element-8d4e193 elementor-section-boxed elementor-section-height-default elementor-section-height-default" data-id="8d4e193" data-element_type="section" data-e-type="section">
						<div class="elementor-container elementor-column-gap-default">
					<div class="elementor-column elementor-col-100 elementor-top-column elementor-element elementor-element-3d24bf1" data-id="3d24bf1" data-element_type="column" data-e-type="column">
			<div class="elementor-widget-wrap elementor-element-populated">
						<div class="elementor-element elementor-element-c82230c elementor-widget elementor-widget-text-editor" data-id="c82230c" data-element_type="widget" data-e-type="widget" data-widget_type="text-editor.default">
				<div class="elementor-widget-container">
									<ul>
<li>Président : Quentin BLANCHER</li>
<li>Vice-Président : Bruno GIBARU<!-- /wp:paragraph --><!-- wp:paragraph --><!-- /wp:paragraph --><!-- wp:paragraph --></li>
<li>Trésorier : Frédéric LALO<!-- /wp:paragraph --><!-- wp:paragraph --></li>
<li>Secrétaire : Clément BLANCHER<!-- /wp:paragraph --><!-- wp:paragraph --><!-- /wp:paragraph --><!-- wp:paragraph --></li>
</ul>
<p> </p>								</div>
				</div>
					</div>
		</div>
					</div>
		</section>
				</div>

<p>Association Communale de Chasse Agréée de Brageac L&rsquo;association de Brageac est dépositaire de l&rsquo;ensemble des propriétaires du foncier non bati de la commune et des droits de chasse. Sont adhérents de cette association tous les propriétaires qui ont concédé les droits de chasse de leurs terrains, bois et forêts et les chasseurs qui paient leur [&hellip;]</p>
