{"id":565,"date":"2022-09-29T18:27:41","date_gmt":"2022-09-29T18:27:41","guid":{"rendered":"http:\/\/brageac.fr\/?page_id=565"},"modified":"2024-09-03T10:49:28","modified_gmt":"2024-09-03T10:49:28","slug":"la-brageacoise","status":"publish","type":"page","link":"https:\/\/brageac.fr\/index.php\/la-brageacoise\/","title":{"rendered":"La Brageacoise"},"content":{"rendered":"\t\t<div data-elementor-type=\"wp-page\" data-elementor-id=\"565\" class=\"elementor elementor-565\">\n\t\t\t\t\t\t<section class=\"elementor-section elementor-top-section elementor-element elementor-element-3c9ab8c elementor-section-boxed elementor-section-height-default elementor-section-height-default\" data-id=\"3c9ab8c\" data-element_type=\"section\" data-e-type=\"section\">\n\t\t\t\t\t\t<div class=\"elementor-container elementor-column-gap-default\">\n\t\t\t\t\t<div class=\"elementor-column elementor-col-50 elementor-top-column elementor-element elementor-element-9737b5f\" data-id=\"9737b5f\" data-element_type=\"column\" data-e-type=\"column\">\n\t\t\t<div class=\"elementor-widget-wrap elementor-element-populated\">\n\t\t\t\t\t\t<div class=\"elementor-element elementor-element-333964f elementor-widget elementor-widget-text-editor\" data-id=\"333964f\" data-element_type=\"widget\" data-e-type=\"widget\" data-widget_type=\"text-editor.default\">\n\t\t\t\t<div class=\"elementor-widget-container\">\n\t\t\t\t\t\t\t\t\t<ul><li>Pr\u00e9sident : Laurent LAPORTE<\/li><li>Tr\u00e9sorier : Michel FAURIAC<\/li><li>Secr\u00e9taire : Thierry LAYGUES<\/li><\/ul>\t\t\t\t\t\t\t\t<\/div>\n\t\t\t\t<\/div>\n\t\t\t\t\t<\/div>\n\t\t<\/div>\n\t\t\t\t<div class=\"elementor-column elementor-col-50 elementor-top-column elementor-element elementor-element-2ffceb3\" data-id=\"2ffceb3\" data-element_type=\"column\" data-e-type=\"column\">\n\t\t\t<div class=\"elementor-widget-wrap\">\n\t\t\t\t\t\t\t<\/div>\n\t\t<\/div>\n\t\t\t\t\t<\/div>\n\t\t<\/section>\n\t\t\t\t<section class=\"elementor-section elementor-top-section elementor-element elementor-element-6859c46 elementor-section-boxed elementor-section-height-default elementor-section-height-default\" data-id=\"6859c46\" data-element_type=\"section\" data-e-type=\"section\">\n\t\t\t\t\t\t<div class=\"elementor-container elementor-column-gap-default\">\n\t\t\t\t\t<div class=\"elementor-column elementor-col-100 elementor-top-column elementor-element elementor-element-48fe8cb\" data-id=\"48fe8cb\" data-element_type=\"column\" data-e-type=\"column\">\n\t\t\t<div class=\"elementor-widget-wrap elementor-element-populated\">\n\t\t\t\t\t\t<div class=\"elementor-element elementor-element-47ae3f2 elementor-widget elementor-widget-text-editor\" data-id=\"47ae3f2\" data-element_type=\"widget\" data-e-type=\"widget\" data-widget_type=\"text-editor.default\">\n\t\t\t\t<div class=\"elementor-widget-container\">\n\t\t\t\t\t\t\t\t\t<ul><li>L&rsquo;association loi 1901 nomm\u00e9e \u00ab\u00a0La Brageacoise\u00a0\u00bb, qui a \u00e9t\u00e9 cr\u00e9\u00e9e en 2021, a pour objectif le d\u00e9veloppement de la p\u00e9tanque dans la commune.<\/li><li>La pratique de ce sport en loisir se d\u00e9roule r\u00e9guli\u00e8rement durant les week-ends sur la place des Abbesses \u00e0 Brageac.<\/li><li>La r\u00e9alisation d&rsquo;un terrain de p\u00e9tanque est pr\u00e9vue en octobre 2025 \u00e0 Brageac.<\/li><\/ul>\t\t\t\t\t\t\t\t<\/div>\n\t\t\t\t<\/div>\n\t\t\t\t\t<\/div>\n\t\t<\/div>\n\t\t\t\t\t<\/div>\n\t\t<\/section>\n\t\t\t\t<section class=\"elementor-section elementor-top-section elementor-element elementor-element-b1cb3cb elementor-section-boxed elementor-section-height-default elementor-section-height-default\" data-id=\"b1cb3cb\" data-element_type=\"section\" data-e-type=\"section\">\n\t\t\t\t\t\t<div class=\"elementor-container elementor-column-gap-default\">\n\t\t\t\t\t<div class=\"elementor-column elementor-col-50 elementor-top-column elementor-element elementor-element-6e3d1de\" data-id=\"6e3d1de\" data-element_type=\"column\" data-e-type=\"column\">\n\t\t\t<div class=\"elementor-widget-wrap elementor-element-populated\">\n\t\t\t\t\t\t<div class=\"elementor-element elementor-element-af7d4cf elementor-widget elementor-widget-image\" data-id=\"af7d4cf\" data-element_type=\"widget\" data-e-type=\"widget\" data-widget_type=\"image.default\">\n\t\t\t\t<div class=\"elementor-widget-container\">\n\t\t\t\t\t\t\t\t\t\t\t\t\t\t\t<img fetchpriority=\"high\" decoding=\"async\" width=\"800\" height=\"599\" src=\"https:\/\/brageac.fr\/wp-content\/uploads\/2023\/07\/WhatsApp-Image-2023-07-12-a-19.32.10.jpg\" class=\"attachment-large size-large wp-image-1207\" alt=\"\" srcset=\"https:\/\/brageac.fr\/wp-content\/uploads\/2023\/07\/WhatsApp-Image-2023-07-12-a-19.32.10.jpg 1024w, https:\/\/brageac.fr\/wp-content\/uploads\/2023\/07\/WhatsApp-Image-2023-07-12-a-19.32.10-300x225.jpg 300w, https:\/\/brageac.fr\/wp-content\/uploads\/2023\/07\/WhatsApp-Image-2023-07-12-a-19.32.10-768x575.jpg 768w\" sizes=\"(max-width: 800px) 100vw, 800px\" \/>\t\t\t\t\t\t\t\t\t\t\t\t\t\t\t<\/div>\n\t\t\t\t<\/div>\n\t\t\t\t\t<\/div>\n\t\t<\/div>\n\t\t\t\t<div class=\"elementor-column elementor-col-50 elementor-top-column elementor-element elementor-element-259c478\" data-id=\"259c478\" data-element_type=\"column\" data-e-type=\"column\">\n\t\t\t<div class=\"elementor-widget-wrap elementor-element-populated\">\n\t\t\t\t\t\t<div class=\"elementor-element elementor-element-db09d99 elementor-widget elementor-widget-image\" data-id=\"db09d99\" data-element_type=\"widget\" data-e-type=\"widget\" data-widget_type=\"image.default\">\n\t\t\t\t<div class=\"elementor-widget-container\">\n\t\t\t\t\t\t\t\t\t\t\t\t\t\t\t<img decoding=\"async\" width=\"800\" height=\"600\" src=\"https:\/\/brageac.fr\/wp-content\/uploads\/2023\/07\/WhatsApp-Image-2023-07-12-a-19.32.09.jpg\" class=\"attachment-large size-large wp-image-1208\" alt=\"\" srcset=\"https:\/\/brageac.fr\/wp-content\/uploads\/2023\/07\/WhatsApp-Image-2023-07-12-a-19.32.09.jpg 1024w, https:\/\/brageac.fr\/wp-content\/uploads\/2023\/07\/WhatsApp-Image-2023-07-12-a-19.32.09-300x225.jpg 300w, https:\/\/brageac.fr\/wp-content\/uploads\/2023\/07\/WhatsApp-Image-2023-07-12-a-19.32.09-768x576.jpg 768w\" sizes=\"(max-width: 800px) 100vw, 800px\" \/>\t\t\t\t\t\t\t\t\t\t\t\t\t\t\t<\/div>\n\t\t\t\t<\/div>\n\t\t\t\t\t<\/div>\n\t\t<\/div>\n\t\t\t\t\t<\/div>\n\t\t<\/section>\n\t\t\t\t<section class=\"elementor-section elementor-top-section elementor-element elementor-element-812c08e elementor-section-boxed elementor-section-height-default elementor-section-height-default\" data-id=\"812c08e\" data-element_type=\"section\" data-e-type=\"section\">\n\t\t\t\t\t\t<div class=\"elementor-container elementor-column-gap-default\">\n\t\t\t\t\t<div class=\"elementor-column elementor-col-50 elementor-top-column elementor-element elementor-element-7affdef\" data-id=\"7affdef\" data-element_type=\"column\" data-e-type=\"column\">\n\t\t\t<div class=\"elementor-widget-wrap elementor-element-populated\">\n\t\t\t\t\t\t<div class=\"elementor-element elementor-element-1f3f7b6 elementor-widget elementor-widget-image\" data-id=\"1f3f7b6\" data-element_type=\"widget\" data-e-type=\"widget\" data-widget_type=\"image.default\">\n\t\t\t\t<div class=\"elementor-widget-container\">\n\t\t\t\t\t\t\t\t\t\t\t\t<figure class=\"wp-caption\">\n\t\t\t\t\t\t\t\t\t\t<img decoding=\"async\" width=\"800\" height=\"600\" src=\"https:\/\/brageac.fr\/wp-content\/uploads\/2023\/07\/WhatsApp-Image-2023-07-12-a-19.26.07.jpg\" class=\"attachment-large size-large wp-image-1209\" alt=\"\" srcset=\"https:\/\/brageac.fr\/wp-content\/uploads\/2023\/07\/WhatsApp-Image-2023-07-12-a-19.26.07.jpg 1024w, https:\/\/brageac.fr\/wp-content\/uploads\/2023\/07\/WhatsApp-Image-2023-07-12-a-19.26.07-300x225.jpg 300w, https:\/\/brageac.fr\/wp-content\/uploads\/2023\/07\/WhatsApp-Image-2023-07-12-a-19.26.07-768x576.jpg 768w\" sizes=\"(max-width: 800px) 100vw, 800px\" \/>\t\t\t\t\t\t\t\t\t\t\t<figcaption class=\"widget-image-caption wp-caption-text\">La table de marque du concours de p\u00e9tanque 2023<\/figcaption>\n\t\t\t\t\t\t\t\t\t\t<\/figure>\n\t\t\t\t\t\t\t\t\t<\/div>\n\t\t\t\t<\/div>\n\t\t\t\t\t<\/div>\n\t\t<\/div>\n\t\t\t\t<div class=\"elementor-column elementor-col-50 elementor-top-column elementor-element elementor-element-f3a70fe\" data-id=\"f3a70fe\" data-element_type=\"column\" data-e-type=\"column\">\n\t\t\t<div class=\"elementor-widget-wrap elementor-element-populated\">\n\t\t\t\t\t\t<div class=\"elementor-element elementor-element-5bf91ad elementor-widget elementor-widget-image\" data-id=\"5bf91ad\" data-element_type=\"widget\" data-e-type=\"widget\" data-widget_type=\"image.default\">\n\t\t\t\t<div class=\"elementor-widget-container\">\n\t\t\t\t\t\t\t\t\t\t\t\t<figure class=\"wp-caption\">\n\t\t\t\t\t\t\t\t\t\t<img loading=\"lazy\" decoding=\"async\" width=\"800\" height=\"600\" src=\"https:\/\/brageac.fr\/wp-content\/uploads\/2023\/07\/WhatsApp-Image-2023-07-12-a-19.28.13.jpg\" class=\"attachment-large size-large wp-image-1210\" alt=\"\" srcset=\"https:\/\/brageac.fr\/wp-content\/uploads\/2023\/07\/WhatsApp-Image-2023-07-12-a-19.28.13.jpg 1024w, https:\/\/brageac.fr\/wp-content\/uploads\/2023\/07\/WhatsApp-Image-2023-07-12-a-19.28.13-300x225.jpg 300w, https:\/\/brageac.fr\/wp-content\/uploads\/2023\/07\/WhatsApp-Image-2023-07-12-a-19.28.13-768x576.jpg 768w\" sizes=\"(max-width: 800px) 100vw, 800px\" \/>\t\t\t\t\t\t\t\t\t\t\t<figcaption class=\"widget-image-caption wp-caption-text\">Le M\u00f6lkki : variante de la p\u00e9tanque<\/figcaption>\n\t\t\t\t\t\t\t\t\t\t<\/figure>\n\t\t\t\t\t\t\t\t\t<\/div>\n\t\t\t\t<\/div>\n\t\t\t\t\t<\/div>\n\t\t<\/div>\n\t\t\t\t\t<\/div>\n\t\t<\/section>\n\t\t\t\t<section class=\"elementor-section elementor-top-section elementor-element elementor-element-b71a0ba elementor-section-boxed elementor-section-height-default elementor-section-height-default\" data-id=\"b71a0ba\" data-element_type=\"section\" data-e-type=\"section\">\n\t\t\t\t\t\t<div class=\"elementor-container elementor-column-gap-default\">\n\t\t\t\t\t<div class=\"elementor-column elementor-col-50 elementor-top-column elementor-element elementor-element-a06aa5d\" data-id=\"a06aa5d\" data-element_type=\"column\" data-e-type=\"column\">\n\t\t\t<div class=\"elementor-widget-wrap elementor-element-populated\">\n\t\t\t\t\t\t<div class=\"elementor-element elementor-element-959aee0 elementor-widget elementor-widget-image\" data-id=\"959aee0\" data-element_type=\"widget\" data-e-type=\"widget\" data-widget_type=\"image.default\">\n\t\t\t\t<div class=\"elementor-widget-container\">\n\t\t\t\t\t\t\t\t\t\t\t\t<figure class=\"wp-caption\">\n\t\t\t\t\t\t\t\t\t\t<img loading=\"lazy\" decoding=\"async\" width=\"800\" height=\"363\" src=\"https:\/\/brageac.fr\/wp-content\/uploads\/2024\/09\/petanque03-1024x464.jpg\" class=\"attachment-large size-large wp-image-1298\" alt=\"\" srcset=\"https:\/\/brageac.fr\/wp-content\/uploads\/2024\/09\/petanque03-1024x464.jpg 1024w, https:\/\/brageac.fr\/wp-content\/uploads\/2024\/09\/petanque03-300x136.jpg 300w, https:\/\/brageac.fr\/wp-content\/uploads\/2024\/09\/petanque03-768x348.jpg 768w, https:\/\/brageac.fr\/wp-content\/uploads\/2024\/09\/petanque03-1536x696.jpg 1536w, https:\/\/brageac.fr\/wp-content\/uploads\/2024\/09\/petanque03-2048x928.jpg 2048w\" sizes=\"(max-width: 800px) 100vw, 800px\" \/>\t\t\t\t\t\t\t\t\t\t\t<figcaption class=\"widget-image-caption wp-caption-text\">Concours de la  F\u00eate 2024<\/figcaption>\n\t\t\t\t\t\t\t\t\t\t<\/figure>\n\t\t\t\t\t\t\t\t\t<\/div>\n\t\t\t\t<\/div>\n\t\t\t\t\t<\/div>\n\t\t<\/div>\n\t\t\t\t<div class=\"elementor-column elementor-col-50 elementor-top-column elementor-element elementor-element-1e8daee\" data-id=\"1e8daee\" data-element_type=\"column\" data-e-type=\"column\">\n\t\t\t<div class=\"elementor-widget-wrap elementor-element-populated\">\n\t\t\t\t\t\t<div class=\"elementor-element elementor-element-f46a0f6 elementor-widget elementor-widget-image\" data-id=\"f46a0f6\" data-element_type=\"widget\" data-e-type=\"widget\" data-widget_type=\"image.default\">\n\t\t\t\t<div class=\"elementor-widget-container\">\n\t\t\t\t\t\t\t\t\t\t\t\t<figure class=\"wp-caption\">\n\t\t\t\t\t\t\t\t\t\t<img loading=\"lazy\" decoding=\"async\" width=\"800\" height=\"363\" src=\"https:\/\/brageac.fr\/wp-content\/uploads\/2024\/09\/petanque02-1024x464.jpg\" class=\"attachment-large size-large wp-image-1297\" alt=\"\" srcset=\"https:\/\/brageac.fr\/wp-content\/uploads\/2024\/09\/petanque02-1024x464.jpg 1024w, https:\/\/brageac.fr\/wp-content\/uploads\/2024\/09\/petanque02-300x136.jpg 300w, https:\/\/brageac.fr\/wp-content\/uploads\/2024\/09\/petanque02-768x348.jpg 768w, https:\/\/brageac.fr\/wp-content\/uploads\/2024\/09\/petanque02-1536x696.jpg 1536w, https:\/\/brageac.fr\/wp-content\/uploads\/2024\/09\/petanque02-2048x928.jpg 2048w\" sizes=\"(max-width: 800px) 100vw, 800px\" \/>\t\t\t\t\t\t\t\t\t\t\t<figcaption class=\"widget-image-caption wp-caption-text\">Concours de la F\u00eate 2024<\/figcaption>\n\t\t\t\t\t\t\t\t\t\t<\/figure>\n\t\t\t\t\t\t\t\t\t<\/div>\n\t\t\t\t<\/div>\n\t\t\t\t\t<\/div>\n\t\t<\/div>\n\t\t\t\t\t<\/div>\n\t\t<\/section>\n\t\t\t\t<\/div>\n\t\t","protected":false},"excerpt":{"rendered":"<p>Pr\u00e9sident : Laurent LAPORTE Tr\u00e9sorier : Michel FAURIAC Secr\u00e9taire : Thierry LAYGUES L&rsquo;association loi 1901 nomm\u00e9e \u00ab\u00a0La Brageacoise\u00a0\u00bb, qui a \u00e9t\u00e9 cr\u00e9\u00e9e en 2021, a pour objectif le d\u00e9veloppement de la p\u00e9tanque dans la commune. La pratique de ce sport en loisir se d\u00e9roule r\u00e9guli\u00e8rement durant les week-ends sur la place des Abbesses \u00e0 Brageac. [&hellip;]<\/p>\n","protected":false},"author":1,"featured_media":0,"parent":0,"menu_order":0,"comment_status":"closed","ping_status":"closed","template":"elementor_header_footer","meta":{"footnotes":""},"class_list":["post-565","page","type-page","status-publish","hentry"],"_links":{"self":[{"href":"https:\/\/brageac.fr\/index.php\/wp-json\/wp\/v2\/pages\/565","targetHints":{"allow":["GET"]}}],"collection":[{"href":"https:\/\/brageac.fr\/index.php\/wp-json\/wp\/v2\/pages"}],"about":[{"href":"https:\/\/brageac.fr\/index.php\/wp-json\/wp\/v2\/types\/page"}],"author":[{"embeddable":true,"href":"https:\/\/brageac.fr\/index.php\/wp-json\/wp\/v2\/users\/1"}],"replies":[{"embeddable":true,"href":"https:\/\/brageac.fr\/index.php\/wp-json\/wp\/v2\/comments?post=565"}],"version-history":[{"count":37,"href":"https:\/\/brageac.fr\/index.php\/wp-json\/wp\/v2\/pages\/565\/revisions"}],"predecessor-version":[{"id":1394,"href":"https:\/\/brageac.fr\/index.php\/wp-json\/wp\/v2\/pages\/565\/revisions\/1394"}],"wp:attachment":[{"href":"https:\/\/brageac.fr\/index.php\/wp-json\/wp\/v2\/media?parent=565"}],"curies":[{"name":"wp","href":"https:\/\/api.w.org\/{rel}","templated":true}]}}